{"id":17337,"date":"2025-09-02T15:00:16","date_gmt":"2025-09-02T15:00:16","guid":{"rendered":"https:\/\/akelarre.net\/pedro-subijana\/"},"modified":"2025-09-04T14:08:15","modified_gmt":"2025-09-04T14:08:15","slug":"pedro-subijana","status":"publish","type":"page","link":"https:\/\/akelarre.net\/fr\/pedro-subijana\/","title":{"rendered":"Pedro Subijana"},"content":{"rendered":"","protected":false},"excerpt":{"rendered":"","protected":false},"author":22,"featured_media":0,"parent":0,"menu_order":0,"comment_status":"closed","ping_status":"closed","template":"","meta":{"footnotes":""},"class_list":["post-17337","page","type-page","status-publish","hentry"],"acf":[],"yoast_head":"<!-- This site is optimized with the Yoast SEO plugin v25.4 - https:\/\/yoast.com\/wordpress\/plugins\/seo\/ -->\n<title>Biographie de Pedro Subijana. 50 ans \u00e0 Akelarre.<\/title>\n<meta name=\"description\" content=\"Biographie de Pedro Subijana. Cinq d\u00e9cennies \u00e0 Akelarre d\u00e9di\u00e9es \u00e0 l\u2019\u00e9volution de la cuisine basque avec \u00e9l\u00e9gance et rigueur.\" \/>\n<meta name=\"robots\" content=\"index, follow, max-snippet:-1, max-image-preview:large, max-video-preview:-1\" \/>\n<link rel=\"canonical\" href=\"https:\/\/akelarre.net\/fr\/pedro-subijana\/\" \/>\n<meta property=\"og:locale\" content=\"fr_FR\" \/>\n<meta property=\"og:type\" content=\"article\" \/>\n<meta property=\"og:title\" content=\"Biographie de Pedro Subijana. 50 ans \u00e0 Akelarre.\" \/>\n<meta property=\"og:description\" content=\"Biographie de Pedro Subijana. Cinq d\u00e9cennies \u00e0 Akelarre d\u00e9di\u00e9es \u00e0 l\u2019\u00e9volution de la cuisine basque avec \u00e9l\u00e9gance et rigueur.\" \/>\n<meta property=\"og:url\" content=\"https:\/\/akelarre.net\/fr\/pedro-subijana\/\" \/>\n<meta property=\"og:site_name\" content=\"Akelarre\" \/>\n<meta property=\"article:modified_time\" content=\"2025-09-04T14:08:15+00:00\" \/>\n<meta name=\"twitter:card\" content=\"summary_large_image\" \/>\n<script type=\"application\/ld+json\" class=\"yoast-schema-graph\">{\"@context\":\"https:\/\/schema.org\",\"@graph\":[{\"@type\":\"WebPage\",\"@id\":\"https:\/\/akelarre.net\/fr\/pedro-subijana\/\",\"url\":\"https:\/\/akelarre.net\/fr\/pedro-subijana\/\",\"name\":\"Biographie de Pedro Subijana. 50 ans \u00e0 Akelarre.\",\"isPartOf\":{\"@id\":\"https:\/\/akelarre.net\/#website\"},\"datePublished\":\"2025-09-02T15:00:16+00:00\",\"dateModified\":\"2025-09-04T14:08:15+00:00\",\"description\":\"Biographie de Pedro Subijana. Cinq d\u00e9cennies \u00e0 Akelarre d\u00e9di\u00e9es \u00e0 l\u2019\u00e9volution de la cuisine basque avec \u00e9l\u00e9gance et rigueur.\",\"breadcrumb\":{\"@id\":\"https:\/\/akelarre.net\/fr\/pedro-subijana\/#breadcrumb\"},\"inLanguage\":\"fr-FR\",\"potentialAction\":[{\"@type\":\"ReadAction\",\"target\":[\"https:\/\/akelarre.net\/fr\/pedro-subijana\/\"]}]},{\"@type\":\"BreadcrumbList\",\"@id\":\"https:\/\/akelarre.net\/fr\/pedro-subijana\/#breadcrumb\",\"itemListElement\":[{\"@type\":\"ListItem\",\"position\":1,\"name\":\"Portada\",\"item\":\"https:\/\/akelarre.net\/fr\/\"},{\"@type\":\"ListItem\",\"position\":2,\"name\":\"Pedro Subijana\"}]},{\"@type\":\"WebSite\",\"@id\":\"https:\/\/akelarre.net\/#website\",\"url\":\"https:\/\/akelarre.net\/\",\"name\":\"Akelarre\",\"description\":\"Pedro Subijana\",\"publisher\":{\"@id\":\"https:\/\/akelarre.net\/#organization\"},\"potentialAction\":[{\"@type\":\"SearchAction\",\"target\":{\"@type\":\"EntryPoint\",\"urlTemplate\":\"https:\/\/akelarre.net\/?s={search_term_string}\"},\"query-input\":{\"@type\":\"PropertyValueSpecification\",\"valueRequired\":true,\"valueName\":\"search_term_string\"}}],\"inLanguage\":\"fr-FR\"},{\"@type\":\"Organization\",\"@id\":\"https:\/\/akelarre.net\/#organization\",\"name\":\"AKELARRE\",\"url\":\"https:\/\/akelarre.net\/\",\"logo\":{\"@type\":\"ImageObject\",\"inLanguage\":\"fr-FR\",\"@id\":\"https:\/\/akelarre.net\/#\/schema\/logo\/image\/\",\"url\":\"https:\/\/akelarre.net\/wp-content\/uploads\/2018\/06\/Logotipo-positivo.png\",\"contentUrl\":\"https:\/\/akelarre.net\/wp-content\/uploads\/2018\/06\/Logotipo-positivo.png\",\"width\":908,\"height\":295,\"caption\":\"AKELARRE\"},\"image\":{\"@id\":\"https:\/\/akelarre.net\/#\/schema\/logo\/image\/\"}}]}<\/script>\n<!-- \/ Yoast SEO plugin. -->","yoast_head_json":{"title":"Biographie de Pedro Subijana. 50 ans \u00e0 Akelarre.","description":"Biographie de Pedro Subijana. Cinq d\u00e9cennies \u00e0 Akelarre d\u00e9di\u00e9es \u00e0 l\u2019\u00e9volution de la cuisine basque avec \u00e9l\u00e9gance et rigueur.","robots":{"index":"index","follow":"follow","max-snippet":"max-snippet:-1","max-image-preview":"max-image-preview:large","max-video-preview":"max-video-preview:-1"},"canonical":"https:\/\/akelarre.net\/fr\/pedro-subijana\/","og_locale":"fr_FR","og_type":"article","og_title":"Biographie de Pedro Subijana. 50 ans \u00e0 Akelarre.","og_description":"Biographie de Pedro Subijana. Cinq d\u00e9cennies \u00e0 Akelarre d\u00e9di\u00e9es \u00e0 l\u2019\u00e9volution de la cuisine basque avec \u00e9l\u00e9gance et rigueur.","og_url":"https:\/\/akelarre.net\/fr\/pedro-subijana\/","og_site_name":"Akelarre","article_modified_time":"2025-09-04T14:08:15+00:00","twitter_card":"summary_large_image","schema":{"@context":"https:\/\/schema.org","@graph":[{"@type":"WebPage","@id":"https:\/\/akelarre.net\/fr\/pedro-subijana\/","url":"https:\/\/akelarre.net\/fr\/pedro-subijana\/","name":"Biographie de Pedro Subijana. 50 ans \u00e0 Akelarre.","isPartOf":{"@id":"https:\/\/akelarre.net\/#website"},"datePublished":"2025-09-02T15:00:16+00:00","dateModified":"2025-09-04T14:08:15+00:00","description":"Biographie de Pedro Subijana. Cinq d\u00e9cennies \u00e0 Akelarre d\u00e9di\u00e9es \u00e0 l\u2019\u00e9volution de la cuisine basque avec \u00e9l\u00e9gance et rigueur.","breadcrumb":{"@id":"https:\/\/akelarre.net\/fr\/pedro-subijana\/#breadcrumb"},"inLanguage":"fr-FR","potentialAction":[{"@type":"ReadAction","target":["https:\/\/akelarre.net\/fr\/pedro-subijana\/"]}]},{"@type":"BreadcrumbList","@id":"https:\/\/akelarre.net\/fr\/pedro-subijana\/#breadcrumb","itemListElement":[{"@type":"ListItem","position":1,"name":"Portada","item":"https:\/\/akelarre.net\/fr\/"},{"@type":"ListItem","position":2,"name":"Pedro Subijana"}]},{"@type":"WebSite","@id":"https:\/\/akelarre.net\/#website","url":"https:\/\/akelarre.net\/","name":"Akelarre","description":"Pedro Subijana","publisher":{"@id":"https:\/\/akelarre.net\/#organization"},"potentialAction":[{"@type":"SearchAction","target":{"@type":"EntryPoint","urlTemplate":"https:\/\/akelarre.net\/?s={search_term_string}"},"query-input":{"@type":"PropertyValueSpecification","valueRequired":true,"valueName":"search_term_string"}}],"inLanguage":"fr-FR"},{"@type":"Organization","@id":"https:\/\/akelarre.net\/#organization","name":"AKELARRE","url":"https:\/\/akelarre.net\/","logo":{"@type":"ImageObject","inLanguage":"fr-FR","@id":"https:\/\/akelarre.net\/#\/schema\/logo\/image\/","url":"https:\/\/akelarre.net\/wp-content\/uploads\/2018\/06\/Logotipo-positivo.png","contentUrl":"https:\/\/akelarre.net\/wp-content\/uploads\/2018\/06\/Logotipo-positivo.png","width":908,"height":295,"caption":"AKELARRE"},"image":{"@id":"https:\/\/akelarre.net\/#\/schema\/logo\/image\/"}}]}},"_links":{"self":[{"href":"https:\/\/akelarre.net\/fr\/wp-json\/wp\/v2\/pages\/17337","targetHints":{"allow":["GET"]}}],"collection":[{"href":"https:\/\/akelarre.net\/fr\/wp-json\/wp\/v2\/pages"}],"about":[{"href":"https:\/\/akelarre.net\/fr\/wp-json\/wp\/v2\/types\/page"}],"author":[{"embeddable":true,"href":"https:\/\/akelarre.net\/fr\/wp-json\/wp\/v2\/users\/22"}],"replies":[{"embeddable":true,"href":"https:\/\/akelarre.net\/fr\/wp-json\/wp\/v2\/comments?post=17337"}],"version-history":[{"count":2,"href":"https:\/\/akelarre.net\/fr\/wp-json\/wp\/v2\/pages\/17337\/revisions"}],"predecessor-version":[{"id":17339,"href":"https:\/\/akelarre.net\/fr\/wp-json\/wp\/v2\/pages\/17337\/revisions\/17339"}],"wp:attachment":[{"href":"https:\/\/akelarre.net\/fr\/wp-json\/wp\/v2\/media?parent=17337"}],"curies":[{"name":"wp","href":"https:\/\/api.w.org\/{rel}","templated":true}]}}

<!-- This site is optimized with the Yoast SEO plugin v25.4 - https://yoast.com/wordpress/plugins/seo/ -->
<title>Biographie de Pedro Subijana. 50 ans à Akelarre.</title>
<meta name="description" content="Biographie de Pedro Subijana. Cinq décennies à Akelarre dédiées à l’évolution de la cuisine basque avec élégance et rigueur." />
<meta name="robots" content="index, follow, max-snippet:-1, max-image-preview:large, max-video-preview:-1" />
<link rel="canonical" href="https://akelarre.net/fr/pedro-subijana/" />
<meta property="og:locale" content="fr_FR" />
<meta property="og:type" content="article" />
<meta property="og:title" content="Biographie de Pedro Subijana. 50 ans à Akelarre." />
<meta property="og:description" content="Biographie de Pedro Subijana. Cinq décennies à Akelarre dédiées à l’évolution de la cuisine basque avec élégance et rigueur." />
<meta property="og:url" content="https://akelarre.net/fr/pedro-subijana/" />
<meta property="og:site_name" content="Akelarre" />
<meta property="article:modified_time" content="2025-09-04T14:08:15+00:00" />
<meta name="twitter:card" content="summary_large_image" />
<script type="application/ld+json" class="yoast-schema-graph">{"@context":"https://schema.org","@graph":[{"@type":"WebPage","@id":"https://akelarre.net/fr/pedro-subijana/","url":"https://akelarre.net/fr/pedro-subijana/","name":"Biographie de Pedro Subijana. 50 ans à Akelarre.","isPartOf":{"@id":"https://akelarre.net/#website"},"datePublished":"2025-09-02T15:00:16+00:00","dateModified":"2025-09-04T14:08:15+00:00","description":"Biographie de Pedro Subijana. Cinq décennies à Akelarre dédiées à l’évolution de la cuisine basque avec élégance et rigueur.","breadcrumb":{"@id":"https://akelarre.net/fr/pedro-subijana/#breadcrumb"},"inLanguage":"fr-FR","potentialAction":[{"@type":"ReadAction","target":["https://akelarre.net/fr/pedro-subijana/"]}]},{"@type":"BreadcrumbList","@id":"https://akelarre.net/fr/pedro-subijana/#breadcrumb","itemListElement":[{"@type":"ListItem","position":1,"name":"Portada","item":"https://akelarre.net/fr/"},{"@type":"ListItem","position":2,"name":"Pedro Subijana"}]},{"@type":"WebSite","@id":"https://akelarre.net/#website","url":"https://akelarre.net/","name":"Akelarre","description":"Pedro Subijana","publisher":{"@id":"https://akelarre.net/#organization"},"potentialAction":[{"@type":"SearchAction","target":{"@type":"EntryPoint","urlTemplate":"https://akelarre.net/?s={search_term_string}"},"query-input":{"@type":"PropertyValueSpecification","valueRequired":true,"valueName":"search_term_string"}}],"inLanguage":"fr-FR"},{"@type":"Organization","@id":"https://akelarre.net/#organization","name":"AKELARRE","url":"https://akelarre.net/","logo":{"@type":"ImageObject","inLanguage":"fr-FR","@id":"https://akelarre.net/#/schema/logo/image/","url":"https://akelarre.net/wp-content/uploads/2018/06/Logotipo-positivo.png","contentUrl":"https://akelarre.net/wp-content/uploads/2018/06/Logotipo-positivo.png","width":908,"height":295,"caption":"AKELARRE"},"image":{"@id":"https://akelarre.net/#/schema/logo/image/"}}]}</script>
<!-- / Yoast SEO plugin. -->

Biographie de Pedro Subijana. 50 ans à Akelarre.

Biographie de Pedro Subijana. Cinq décennies à Akelarre dédiées à l’évolution de la cuisine basque avec élégance et rigueur.
